1265?
5, 83, 149, 9859
What are the prime factors of 449326850?
2, 5, 7, 23, 55817
List the prime factors of 46480120.
2, 5, 1069, 1087
List the prime factors of 7622766999.
3, 846974111
What are the prime factors of 582760754?
2, 31, 149, 199, 317
What are the prime factors of 39206772?
2, 3, 11, 181, 547
List the prime factors of 737166739.
737166739
List the prime factors of 4255034.
2, 7, 303931
What are the prime factors of 129825715?
5, 25965143
What are the prime factors of 3980422610?
2, 5, 59, 6746479
What are the prime factors of 220749250?
2, 5, 17, 51941
What are the prime factors of 122341947?
3, 7, 13, 448139
List the prime factors of 31805807.
11, 389, 7433
List the prime factors of 2063608950.
2, 3, 5, 13, 661, 1601
What are the prime factors of 6554649481?
223, 29393047
What are the prime factors of 6057168163?
193, 2293, 13687
What are the prime factors of 3690112383?
3, 45556943
What are the prime factors of 59832983?
7, 2657, 3217
What are the prime factors of 69590033?
47, 113, 13103
What are the prime factors of 1465009464?
2, 3, 53, 1151737
What are the prime factors of 628243491?
3, 209414497
What are the prime factors of 566263555?
5, 11, 13, 19, 73, 571
List the prime factors of 5474799381.
3, 1824933127
List the prime factors of 115278711.
3, 1061, 36217
What are the prime factors of 2045790314?
2, 1022895157
What are the prime factors of 1422710086?
2, 7, 41, 2478589
What are the prime factors of 183890149?
6361, 28909
List the prime factors of 57923087.
211, 274517
List the prime factors of 139213937.
139213937
What are the prime factors of 32467736?
2, 7, 41, 79, 179
List the prime factors of 612034995.
3, 5, 11, 13, 29, 9839
What are the prime factors of 76385954?
2, 227, 311, 541
What are the prime factors of 3268835225?
5, 17, 7691377
List the prime factors of 5815964.
2, 7, 11, 23, 821
What are the prime factors of 432627614?
2, 216313807
What are the prime factors of 36382397?
17, 19, 73, 1543
What are the prime factors of 506204519?
6173, 82003
What are the prime factors of 40119476?
2, 1229, 8161
List the prime factors of 37910303.
31, 1222913
What are the prime factors of 3117839850?
2, 3, 5, 769837
List the prime factors of 6802568139.
3, 17, 133383689
What are the prime factors of 1017751712?
2, 1459, 21799
What are the prime factors of 1546943753?
1277, 1211389
List the prime factors of 186570742.
2, 641, 145531
List the prime factors of 7085220148.
2, 457, 821, 4721
List the prime factors of 2679674831.
661, 4053971
What are the prime factors of 2038471284?
2, 3, 101, 1681907
What are the prime factors of 30486396?
2, 3, 2540533
List the prime factors of 229127793.
3, 827, 92353
What are the prime factors of 6904065059?
127, 223, 433, 563
What are the prime factors of 124918629?
3, 11, 173, 21881
What are the prime factors of 2136865263?
3, 13, 43, 29633
What are the prime factors of 1914057447?
3, 23, 97, 285979
What are the prime factors of 151322244?
2, 3, 23, 103, 5323
List the prime factors of 300168220.
2, 5, 11, 1364401
What are the prime factors of 6781718067?
3, 599, 3773911
What are the prime factors of 40350912?
2, 3, 7, 4289
List the prime factors of 152292897.
3, 1117, 15149
What are the prime factors of 1447878981?
3, 61, 7911907
What are the prime factors of 651483485?
5, 130296697
What are the prime factors of 2951630042?
2, 1475815021
What are the prime factors of 43222268?
2, 10805567
List the prime factors of 12253219.
11, 41, 101, 269
What are the prime factors of 248616063?
3, 31, 373, 2389
List the prime factors of 107902950.
2, 3, 5, 719353
List the prime factors of 570227700.
2, 3, 5, 7, 38791
List the prime factors of 153018443.
153018443
List the prime factors of 31371408.
2, 3, 101, 719
List the prime factors of 228239430.
2, 3, 5, 61, 124721
List the prime factors of 393643451.
393643451
List the prime factors of 162150625.
5, 7, 13, 2851
What are the prime factors of 38318428?
2, 1613, 5939
List the prime factors of 18993414.
2, 3, 11, 41, 7019
List the prime factors of 25549600.
2, 5, 109, 293
List the prime factors of 2993762468.
2, 748440617
What are the prime factors of 7239746661?
3, 7, 47, 7335103
List the prime factors of 945458763.
3, 1619, 194659
List the prime factors of 420343619.
43, 61, 160253
List the prime factors of 24654644.
2, 7, 125789
List the prime factors of 1078879938.
2, 3, 233, 239, 3229
List the prime factors of 61770115.
5, 11, 1123093
What are the prime factors of 8479146612?
2, 3, 383, 1844897
What are the prime factors of 1662275929?
17, 6011, 16267
List the prime factors of 289265982.
2, 3, 17, 2835941
What are the prime factors of 3292910482?
2, 19, 86655539
What are the prime factors of 955413409?
8369, 114161
List the prime factors of 99931805.
5, 829, 24109
List the prime factors of 760043195.
5, 283, 537133
List the prime factors of 43907511.
3, 2053, 7129
What are the prime factors of 34387548?
2, 3, 13, 137, 1609
List the prime factors of 134095163.
134095163
What are the prime factors of 1731032460?
2, 3, 5, 1163, 8269
What are the prime factors of 26087477?
13, 719, 2791
List the prime factors of 62334076.
2, 7, 45433
What are the prime factors of 77322214?
2, 59, 655273
List the prime factors of 3576711676.
2, 31, 28844449
List the prime factors of 62041648.
2, 3877603
List the prime factors of 23104907.
7, 587, 5623
What are the prime factors of 48300982?
2, 719, 33589
List the prime factors of 474163555.
5, 94832711
List the prime factors of 30845428.
2, 7711357
What are the prime factors of 102577214?
2, 227, 225941
List the prime factors of 156642573.
3, 17, 367, 8369
List the prime factors of 95257862.
2, 7, 547, 1777
What are the prime factors of 51815144?
2, 41, 3853
List the prime factors of 1472076307.
13, 113236639
What are the prime factors of 46071411?
3, 17, 67, 97, 139
What are the prime factors of 87119327?
87119327
List the prime factors of 2426447175.
3, 5, 32352629
What are the prime factors of 148566726?
2, 3, 7, 11, 15313
What are the prime factors of 2909687?
11, 139, 173
What are the prime factors of 2498394305?
5, 11, 4241, 10711
What are the prime factors of 354869884?
2, 43, 431, 4787
What are the prime factors of 663385292?
2, 165846323
What are the prime factors of 961745086?
2, 480872543
List the prime factors of 1045259857.
14159, 73823
List the prime factors of 307037590.
2, 5, 30703759
List the prime factors of 98179333.
7, 14025619
List the prime factors of 391538754.
2, 3, 67, 97, 3347
What are the prime factors of 3201096581?
167, 19168243
What are the prime factors of 49140302?
2, 17, 1445303
List the prime factors of 38818080.
2, 3, 5, 7, 3851
What are the prime factors of 23665538?
2, 13, 910213
What are the prime factors of 1176560393?
359, 3277327
List the prime factors of 4121901986.
2, 2060950993
List the prime factors of 14312610.
2, 3, 5, 13, 941
List the prime factors of 52254172.
2, 29, 41, 10987
What are the prime factors of 55961442?
2, 3, 113, 1019
What are the prime factors of 1473898055?
5, 7, 3727, 11299
What are the prime factors of 494650124?
2, 10667, 11593
What are the prime factors of 78020177?
101, 772477
List the prime factors of 135522350.
2, 5, 2710447
What are the prime factors of 762160349?
307, 2482607
List the prime factors of 162326751.
3, 79, 684923
What are the prime factors of 473295677?
41, 521, 22157
What are the prime factors of 414601023?
3, 29, 4765529
What are the prime factors of 871979811?
3, 31, 61, 281, 547
What are the prime factors of 47022634?
2, 37, 635441
What are the prime factors of 55099247?
7, 1471, 5351
What are the prime factors of 75159510?
2, 3, 5, 59, 42463
List the prime factors of 44444660.
2, 5, 13, 199, 859
What are the prime factors of 91101347?
91101347
What are the prime factors of 110793242?
2, 7, 281, 28163
What are the prime factors of 1735300?
2, 5, 7, 37, 67
What are the prime factors of 27211797?
3, 503, 6011
What are the prime factors of 11490337?
1699, 6763
List the prime factors of 275955419.
275955419
List the prime factors of 64407278.
2, 13, 79, 31357
List the prime factors of 655582921.
7, 61, 1535323
What are the prime factors of 45079018?
2, 379, 59471
What are the prime factors of 3519961962?
2, 3, 11, 17, 1033, 303